x and 629.
17
Let y(p) = 23*p + 127. Let a be y(-4). What is the highest common divisor of 1050 and a?
35
Let u = 5888 + -5864. Calculate the highest common divisor of u and 2652.
12
Let r = 4187 - 4167. Suppose 141 - 1061 = -2*i. What is the greatest common divisor of i and r?
20
Let n = 114 + -37. Let l = 4799 - 4778. Calculate the highest common divisor of n and l.
7
Let g = -639 + 645. Let c be 1*(4/g + (-52)/(-12)). Let x = 8 - -12. What is the greatest common divisor of x and c?
5
Suppose -5*f = -2*y + 15, -3*y - 15 = -7*y - 5*f. Suppose -c - 25 = -4*b, 0 = -3*b + 4*c - 3 + 38. What is the highest common factor of y and b?
5
Suppose -f - 4*r = -1660, -16*r = -2*f - 20*r + 3320. Calculate the greatest common factor of f and 260.
20
Let h(w) = 2*w**2 + 2*w - 1. Let l be h(0). Let z(n) = 6*n**2 + 5*n + 4. Let y be z(l). Let f = 29 + -14. What is the highest common factor of f and y?
5
Let s = 83 + -46. Let m = 9246 + -9207. Suppose s*u - m*u = -98. What is the highest common factor of 7 and u?
7
Let s be 97/((-215)/55 + 4). Suppose s = 5*l - 6*l. Let f = l + 1507. Calculate the greatest common factor of f and 40.
40
Let s = 973 + -788. Let h be ((-28)/(-10))/(74/s). What is the highest common factor of h and 357?
7
Let r(c) = 7*c**3 + 4. Let d(j) = -j**2 + 3*j - 16. Let y be d(8). Let p be (4/y*8)/(2/(-7)). Let w be r(p). What is the greatest common factor of w and 12?
12
Let g be (-88)/(-9) + 3 + (-175)/63. Let y(r) = r**3 - 6*r**2 - 20*r - 32. Let f be y(g). What is the highest common divisor of f and 48?
24
Suppose -2*r + 3*m + 10 = m, 3*m = -4*r - 1. Let x be (0 + r + -1)/(15/11145). Suppose 0 = 5*w - x - 657. What is the highest common factor of w and 35?
35
Suppose 3*r - 5*m - 107 = 0, -27*r + 2*m + 104 = -24*r. Let o be 474/4 - ((-2)/4 - 0). Calculate the highest common factor of r and o.
17
Suppose -93*k = -2272 - 239. Calculate the highest common divisor of 120 and k.
3
Let v be ((-27)/(-18) + -4)*(-256 - 0). What is the highest common divisor of 224 and v?
32
Let d be 34/10 + (-8)/20. Let f be ((-105)/(-9))/(69/(-9) + 8). Suppose -r = d*x - 22, -2*r - x + f = 2*x. Calculate the greatest common divisor of r and 39.
13
Suppose 0 = -3*f - 5*x + 286, 190 = 2*f + 6*x - 3*x. Let m(c) = -111*c + 4222. Let q be m(38). Calculate the highest common divisor of f and q.
4
Let x(f) = 6*f**2 - 703*f + 273. Let n be x(117). What is the highest common factor of 10686 and n?
78
Suppose 4*c - 5*t + 393 = 6*c, -2*c + 3*t = -433. Let u be -122*((5/(-2))/5)/1. Suppose 19 = -60*w + u*w. What is the highest common divisor of c and w?
19
Let c be -5*((-99)/(-18)*-212)/5. What is the greatest common divisor of c and 154?
22
Suppose -10644 = -8*k + 4*g, 89*k + 1327 = 90*k - g. What is the greatest common divisor of 1566 and k?
58
Let o(i) = 154*i - 12271. Let d be o(80). Let g = 14 - 7. Calculate the greatest common factor of g and d.
7
Let j = 4209 + -4080. What is the greatest common factor of j and 27?
3
Suppose 3*x = x + 240. Let j be (-2)/(-2 - -3)*(-75)/30. What is the greatest common divisor of j and x?
5
Suppose 4*k + 4*g - 1024 = 0, 3*g = 49*k - 53*k + 1022. Calculate the highest common factor of 1651 and k.
127
Let g = 129 + -125. Suppose 0 = g*x - 1 - 15, -2*l - 2*x + 50 = 0. What is the greatest common factor of 12 and l?
3
Suppose 734 = -60*z + 48434. What is the highest common divisor of 15 and z?
15
Let x(a) = -9*a**2 + 361*a - 42. Let n be x(40). Let h be (-11)/(11/n) + -2 - -6. Calculate the highest common factor of 147 and h.
3
Let z(c) = 93*c**2 - 181*c + 1335. Let f be z(7). What is the greatest common divisor of f and 37?
37
Suppose 5*l + 66 - 91 = 0. Suppose -5*y + l*g = -115, y + 9 - 30 = 3*g. What is the highest common factor of y and 128?
8
Let j be (((-18)/10)/(40/50))/((-4)/2416). What is the greatest common factor of j and 171?
9
Let w(c) = c**2 + 7*c + 40. Let i be w(-17). Let j = -312 + i. Let k = j + 180. Calculate the greatest common divisor of 6 and k.
6
Suppose -3*c + 69 = -71*o + 73*o, 0 = 2*o - 3*c - 51. Suppose -r + 200 = 5*u, -2*r + 80 = 2*u + 2*r. What is the highest common factor of o and u?
10
Let g be -2 - 3 - (-378)/42. Let p be 0/(3 + (0 - 4)). Suppose p = -4*z + 2*m - 4, 2*z + 5*m - 21 = 1. What is the highest common divisor of z and g?
1
Suppose -6*n = 4 - 10. Let k be (n - -2)/(17/204). Suppose -35*x = -k*x + 12. Calculate the greatest common divisor of x and 132.
12
Let g(r) = -5*r**2 - 205*r - 88. Let o be g(-40). What is the highest common divisor of 322 and o?
14
Suppose -49 = 13*y - 20*y. Let t be 4/2 + (-270)/(-13 + y). Calculate the greatest common divisor of t and 141.
47
Suppose -1216 = 10*a - 2*a. Let p = -84 - a. Let q be (-2)/7 + 3576/21. What is the highest common factor of q and p?
34
Suppose -29*d + 13368 + 11253 = 0. What is the greatest common factor of d and 24?
3
Let n be 2*(504/16)/7. Let u be (0/(-1))/(1 - -1). Let k = u - -1. What is the highest common divisor of n and k?
1
Let w = -13 + 47. Let d = -31 + w. Suppose 5*s - c = 188 + 75, 59 = s + d*c. What is the highest common factor of 159 and s?
53
Let q(s) = s**3 - 47*s**2 - 151*s + 215. Let o be q(50). Let k be (-926)/(-14) - 6/42. Calculate the greatest common factor of k and o.
33
Let k = -839753 - -840198. Suppose -2*m - 712 = -2*r, r - 2*m + 5*m = 356. What is the greatest common factor of r and k?
89
Suppose 7*l - 1771 = -511. Calculate the highest common factor of 252 and l.
36
Let w = 867 + -615. Suppose 5*u - 3*y - 789 = -6*y, 477 = 3*u + 3*y. Suppose -3*b - 48 = -u. Calculate the highest common divisor of b and w.
36
Let d(n) be the third derivative of 7*n**4/12 + 17*n**3 + 119*n**2. Let w be d(-7). What is the highest common factor of w and 76?
4
Let j = 1001 + -697. Calculate the greatest common divisor of j and 10.
2
Suppose 4*x = -20, -157 = -3*p + 5*x - 0*x. Let d be 3/7 + ((-4104)/(-945))/(4/30). Calculate the highest common divisor of p and d.
11
Suppose 247*t - 298*t = -13668. What is the highest common divisor of t and 11524?
268
Suppose -10 = -k - k - v, -10 = -5*v. Suppose k*l = 6*l - 22. What is the highest common factor of 77 and l?
11
Let s = 4 + -3. Let n(y) = y**3 - 8*y**2 + 10*y - 19. Let u be n(7). Suppose a + 3*c + 2 = 0, -5*c - 7 = -4*a + u. What is the highest common factor of a and s?
1
Suppose -7*j + 790 = -78. Suppose 171*c - 60 = 156*c. What is the highest common factor of c and j?
4
Suppose 4*i - 4*a + 0*a - 92 = 0, -i - 2*a + 17 = 0. Let x = 114 + i. Let g be (6*1)/(((-144)/60)/(-6)). What is the highest common factor of g and x?
15
Let u(k) = -76*k - 264. Let q be u(-9). What is the greatest common divisor of 120 and q?
60
Let c(y) be the second derivative of -7*y**3/6 - 67*y**2/2 + 2*y - 62. Let f be c(-11). Calculate the highest common divisor of f and 2.
2
Suppose 2*l + t = 493, -t = -2*l - 3*t + 496. Suppose 18*g = 15*g - 12. Let h be (94/3 - g) + (-2)/6. What is the highest common divisor of l and h?
35
Let j be (4/(-5))/(8/(-20))*20. Suppose j*i - 12*i = 112. What is the greatest common divisor of 36 and i?
4
Suppose -4*x - b - 27 = -14, 4*x + 4*b + 28 = 0. Let j be x/(-23) + 45920/920. Calculate the highest common factor of j and 450.
50
Let j be -169*27/(2808/(-16)). What is the greatest common factor of j and 144?
2
Suppose -226440 = 816*t - 952*t. What is the greatest common divisor of 481 and t?
37
Suppose j = -5*u + 2685, u + u - 3*j - 1074 = 0. Let s = 558 - u. Calculate the highest common divisor of s and 21.
21
Let x = -7851 - -7863. Suppose 2*b - 350 = -i, -b - 2*b - 345 = -i. Calculate the highest common factor of x and i.
12
Let p(h) = 176*h**2 + 6*h + 1. Let f be p(-1). Let j be 26/(-143) - f/(-33). What is the highest common factor of 215 and j?
5
Suppose -2571 = -63*v + 579. Let p = -38 - -7. Let w = v + p. What is the greatest common divisor of 190 and w?
19
Let w(c) = 8*c + 37. Let y be w(-4). Suppose 51 + 9 = y*i. Calculate the highest common divisor of 30 and i.
6
Suppose 0 = -110*r + 26*r + 53004. Calculate the highest common factor of r and 2.
1
Let t = 16615 - 16495. Calculate the greatest common divisor of t and 1310.
10
Let j(y) = 2*y**2 - 90*y - 150. Let d be j(47). What is the greatest common divisor of 57 and d?
19
Let k = -16 - -19. Suppose -2*t - 44 = -r - 0*r